{"id":3,"date":"2024-11-02T16:26:36","date_gmt":"2024-11-02T15:26:36","guid":{"rendered":"http:\/\/nessxpress.de\/?page_id=3"},"modified":"2026-03-08T11:05:21","modified_gmt":"2026-03-08T10:05:21","slug":"datenschutzerklaerung","status":"publish","type":"page","link":"http:\/\/nessxpress.de\/index.php\/datenschutzerklaerung\/","title":{"rendered":"Datenschutzerkl\u00e4rung"},"content":{"rendered":"<p class=\"wp-block-site-tagline\">Sch\u00fclerinnen- und Sch\u00fcler-Zeitung f\u00fcr Gymnasium und Realschule in Ottobeuren<\/p>\n\n\n<h4 class=\"wp-block-heading\"><strong>Allgemeine Informationen<\/strong><\/h4>\n\n\n\n<h5 class=\"wp-block-heading\"><strong>Name und Kontaktdaten des Verantwortlichen<\/strong><\/h5>\n\n\n\n<p>Rupert-Ness-Schulen, Ottobeuren<\/p>\n\n\n\n<p>Bergstr. 80<\/p>\n\n\n\n<p>87724 Ottobeuren<\/p>\n\n\n\n<p>Tel: 08332 922410<\/p>\n\n\n\n<p>Fax: 08223 922420<\/p>\n\n\n\n<p><a href=\"mailto:schulleitung@gym-rs-ottobeuren.de\"><u>schulleitung@gym-rs-ottobeuren.de<\/u><\/a><\/p>\n\n\n\n<h5 class=\"wp-block-heading\"><strong>Kontaktdaten der Datenschutzbeauftragten<\/strong><\/h5>\n\n\n\n<p>Beh\u00f6rdliche Datenschutzbeauftragte der Rupert-Ness-Schulen<\/p>\n\n\n\n<p>Charlotte Heym (Gymnasium)<\/p>\n\n\n\n<p>Natalie Hetzer (Realschule)<\/p>\n\n\n\n<p>Bergstra\u00dfe 80,<\/p>\n\n\n\n<p>87724 Ottobeuren<\/p>\n\n\n\n<p>Tel. <a href=\"tel:0%2083%2032%20\/%2092%2024%2010\"><u>0 83 32 \/ 92 24 10<\/u><\/a><\/p>\n\n\n\n<p>E-Mail: <a href=\"mailto:datenschutz@gym-rs-ottobeuren.de\"><u>datenschutz@gym-rs-ottobeuren.de<\/u><\/a><\/p>\n\n\n\n<h5 class=\"wp-block-heading\"><strong>Zwecke und Rechtsgrundlagen f\u00fcr die Verarbeitung Ihrer Daten<\/strong><\/h5>\n\n\n\n<p>Wir verarbeiten und ver\u00f6ffentlichen personenbezogene Daten auf der Basis von freiwilligen Einwilligungen. Rechtsgrundlage f\u00fcr die Verarbeitung ist die freiwillige Einwilligung nach Art. 6 Abs.1a der Datenschutzgrundverordnung (DSGVO).<\/p>\n\n\n\n<h5 class=\"wp-block-heading\"><strong>Arten der personenbezogenen Daten<\/strong><\/h5>\n\n\n\n<figure class=\"wp-block-table\"><table class=\"has-fixed-layout\"><tbody><tr><td><strong>mitwirkende Sch\u00fclerinnen und Sch\u00fcler<\/strong><\/td><td><strong>mitwirkende Lehrkr\u00e4fte<\/strong><\/td><td><strong>Schulleitung<\/strong><\/td><td><strong>Interview-Partner<\/strong><\/td><td><strong>Leserinnen und Leser<\/strong><\/td><td><strong>Leserinnen und Leser, die Kommentare hinterlassen k\u00f6nnen<\/strong><\/td><\/tr><tr><td>Namen, K\u00fcrzel oder Pseudonym<\/td><td>Namen, K\u00fcrzel oder Pseudonym<\/td><td>&#8211;<\/td><td>Namen<\/td><td>&#8211;<\/td><td>&#8211;<\/td><\/tr><tr><td>Anmeldedaten: Zugang und Passwort<\/td><td>Anmeldedaten: Zugang und Passwort<\/td><td>Anmeldedaten: Zugang und Passwort<\/td><td>&#8211;<\/td><td>&#8211;<\/td><td>&#8211;<\/td><\/tr><tr><td>personenbezogene Daten, die m\u00f6glicherweise in Artikeln offengelegt werden<\/td><td>&#8211;<\/td><td>Nur im Sinne des Verantwortlichen der Webseite<\/td><td>personenbezogene Daten, die m\u00f6glicherweise in Artikeln offengelegt werden<\/td><td>&#8211;<\/td><td>personenbez. Daten, sofern sie im Kommentar eingegeben werden und von der Redaktion ver\u00f6ffentlicht werden<\/td><\/tr><tr><td>ggf. Fotos<\/td><td>&#8211;<\/td><td>&#8211;<\/td><td>ggf. Fotos<\/td><td>&#8211;<\/td><td>&#8211;<\/td><\/tr><\/tbody><\/table><\/figure>\n\n\n\n<h5 class=\"wp-block-heading\"><strong>Empf\u00e4nger von personenbezogenen Daten<\/strong><\/h5>\n\n\n\n<p>Unsere Webseite wird bei mkq.de, mit Serverstandort in Deutschland gehostet. Verarbeitet werden die Daten von der Sch\u00fclerzeitung-AG der Schule.<\/p>\n\n\n\n<h5 class=\"wp-block-heading\"><strong>Cookies<\/strong><\/h5>\n\n\n\n<p>Die Seite verwendet Session-Cookies, die \u00fcberpr\u00fcfen, ob der Browser des Benutzers emojis anzeigen kann.<\/p>\n\n\n\n<h5 class=\"wp-block-heading\"><strong>Dauer der Speicherung der personenbezogenen Daten<\/strong><\/h5>\n\n\n\n<p>Die Daten der oben genannten Gruppen werden gespeichert, k\u00f6nnen aber auf Wunsch gel\u00f6scht werden. Eine Frist f\u00fcr die automatische L\u00f6schung ist nicht vorgesehen. Zugangsdaten von ehemaligen AG-Mitgliedern bei Ausscheiden werden gel\u00f6scht.<\/p>\n\n\n\n<h5 class=\"wp-block-heading\"><strong>Ihre Rechte<\/strong><\/h5>\n\n\n\n<p>Als Betroffener einer Datenverarbeitung haben Sie die folgenden Rechte:<\/p>\n\n\n\n<ul class=\"wp-block-list\">\n<li>Sie haben das Recht auf Auskunft \u00fcber die zu Ihrer Person gespeicherten Daten (Art. 15 DSGVO).<\/li>\n\n\n\n<li>Sollten unrichtige personenbezogene Daten verarbeitet werden, steht Ihnen ein Recht auf Berichtigung zu (Art. 16 DSGVO).<\/li>\n\n\n\n<li>Sie k\u00f6nnen die L\u00f6schung oder Einschr\u00e4nkung der Verarbeitung verlangen (Art. 17 und 18 DSGVO).<\/li>\n\n\n\n<li>Falls Sie in die Verarbeitung eingewilligt haben und die Verarbeitung auf dieser Einwilligung beruht, k\u00f6nnen Sie die Einwilligung jederzeit f\u00fcr die Zukunft widerrufen. Die Rechtm\u00e4\u00dfigkeit der aufgrund der Einwilligung bis zum Widerruf erfolgten Datenverarbeitung wird durch diesen nicht ber\u00fchrt.<\/li>\n\n\n\n<li>Sie haben das Recht, aus Gr\u00fcnden, die sich aus Ihrer besonderen Situation ergeben, jederzeit gegen die Verarbeitung Ihrer Daten <strong>Widerspruch<\/strong> einzulegen, wenn die Verarbeitung auf Grundlage des Art. 6 Abs. 1 UAbs. 1 Buchst. e DSGVO erfolgt (Art. 21 Abs. 1 Satz 1 DSGVO).<\/li>\n<\/ul>\n\n\n\n<h5 class=\"wp-block-heading\"><strong>Beschwerderecht bei der Aufsichtsbeh\u00f6rde<\/strong><\/h5>\n\n\n\n<p>Unabh\u00e4ngig davon besteht ein Beschwerderecht beim Bayerischen Landesbeauftragten f\u00fcr den Datenschutz, den Sie unter folgenden Kontaktdaten erreichen:<\/p>\n\n\n\n<p>Postanschrift: Postfach 22 12 19, 80502 M\u00fcnchen \u2028Adresse: Wagm\u00fcllerstra\u00dfe 18, 80538 M\u00fcnchen \u2028Telefon: <a href=\"tel:089%20212672-0\"><u>089 212672-0<\/u><\/a>\u2028 Telefax: <a href=\"tel:089%20212672-50\"><u>089 212672-50<\/u><\/a><\/p>\n\n\n\n<p>E-Mail: <a href=\"mailto:poststelle@datenschutz-bayern.de\"><u>poststelle@datenschutz-bayern.de<\/u><\/a>\u2028 Internet: <a href=\"https:\/\/www.datenschutz-bayern.de\/\"><u>https:\/\/www.datenschutz-bayern.de\/<\/u><\/a><\/p>\n\n\n\n<h5 class=\"wp-block-heading\"><strong>Weitere Informationen<\/strong><\/h5>\n\n\n\n<p>F\u00fcr n\u00e4here Informationen zur Verarbeitung Ihrer Daten und zu Ihren Rechten k\u00f6nnen Sie uns unter den oben (zu Beginn von A) genannten Kontaktdaten erreichen.<\/p>\n","protected":false},"excerpt":{"rendered":"<p>Allgemeine Informationen Name und Kontaktdaten des Verantwortlichen Rupert-Ness-Schulen, Ottobeuren Bergstr. 80 87724 Ottobeuren Tel: 08332 922410 Fax: 08223 922420 schulleitung@gym-rs-ottobeuren.de Kontaktdaten der Datenschutzbeauftragten Beh\u00f6rdliche Datenschutzbeauftragte der Rupert-Ness-Schulen Charlotte Heym (Gymnasium) Natalie Hetzer (Realschule) Bergstra\u00dfe 80, 87724 Ottobeuren Tel. 0 83 32 \/ 92 24 10 E-Mail: datenschutz@gym-rs-ottobeuren.de Zwecke und Rechtsgrundlagen f\u00fcr die Verarbeitung Ihrer Daten [&hellip;]<\/p>\n","protected":false},"author":1,"featured_media":606,"parent":0,"menu_order":0,"comment_status":"closed","ping_status":"open","template":"","meta":{"_FSMCFIC_featured_image_caption":"","_FSMCFIC_featured_image_nocaption":"","_FSMCFIC_featured_image_hide":"1","footnotes":""},"class_list":["post-3","page","type-page","status-publish","has-post-thumbnail","hentry"],"_links":{"self":[{"href":"http:\/\/nessxpress.de\/index.php\/wp-json\/wp\/v2\/pages\/3","targetHints":{"allow":["GET"]}}],"collection":[{"href":"http:\/\/nessxpress.de\/index.php\/wp-json\/wp\/v2\/pages"}],"about":[{"href":"http:\/\/nessxpress.de\/index.php\/wp-json\/wp\/v2\/types\/page"}],"author":[{"embeddable":true,"href":"http:\/\/nessxpress.de\/index.php\/wp-json\/wp\/v2\/users\/1"}],"replies":[{"embeddable":true,"href":"http:\/\/nessxpress.de\/index.php\/wp-json\/wp\/v2\/comments?post=3"}],"version-history":[{"count":8,"href":"http:\/\/nessxpress.de\/index.php\/wp-json\/wp\/v2\/pages\/3\/revisions"}],"predecessor-version":[{"id":1944,"href":"http:\/\/nessxpress.de\/index.php\/wp-json\/wp\/v2\/pages\/3\/revisions\/1944"}],"wp:featuredmedia":[{"embeddable":true,"href":"http:\/\/nessxpress.de\/index.php\/wp-json\/wp\/v2\/media\/606"}],"wp:attachment":[{"href":"http:\/\/nessxpress.de\/index.php\/wp-json\/wp\/v2\/media?parent=3"}],"curies":[{"name":"wp","href":"https:\/\/api.w.org\/{rel}","templated":true}]}}